h = -6. List the prime factors of g.
5
Suppose 0 = -9*d + 8*d + 54. List the prime factors of d.
2, 3
Let z(b) = -92*b**3 + 3*b**2 + b - 1. What are the prime factors of z(-1)?
3, 31
What are the prime factors of 39/12*(-1 + 9)?
2, 13
Suppose 0*l + 3*l = 6. Suppose 0 = -2*v - l*v + 60. Let u = v + -7. What are the prime factors of u?
2
Let o(m) = -m**2 + 23*m - 12. List the prime factors of o(6).
2, 3, 5
Let b = 25 - -49. List the prime factors of b.
2, 37
Suppose 0 = -3*r + 15, z + 3 = 3*z + r. List the prime factors of (-16)/z + -1*2.
2, 7
Let k(n) = 12*n**3 + 2*n**2 + 3*n. Let z(h) = -25*h**3 - 3*h**2 - 5*h. Let a(r) = 5*k(r) + 3*z(r). List the prime factors of a(-1).
2
Suppose 2*v = -2*v + 2*b + 156, 4*v = 4*b + 164. List the prime factors of v.
37
Let g = -71 + 114. What are the prime factors of g?
43
Suppose -3*v = 2*v - 150. Suppose -5*d = -27 - 53. Let j = v - d. List the prime factors of j.
2, 7
Suppose 3*d - 84 - 39 = 0. Suppose -3*c = -5*b + d, 3*b - 3*c + 1 = 4*b. Suppose 4*r - 5 = b. List the prime factors of r.
3
Let o(t) = -2*t**3 + t**2 - 1. Suppose 3*q + 3 = 4*q. Suppose -25 = 2*y + q*y, -3*y - 10 = -5*l. List the prime factors of o(l).
2
Let t(k) = -k**2 - 11*k. List the prime factors of t(-6).
2, 3, 5
Suppose -2*k + 2 = 3*t, 0*k + 4*t = -3*k + 4. What are the prime factors of k?
2
Let a = -38 + 170. What are the prime factors of a?
2, 3, 11
Suppose 3*j = 3, -3 = 8*h - 3*h - 3*j. Let u(d) = -d + 3. Let m be u(h). List the prime factors of (-10)/6*(0 - m).
5
Let u(a) = a**3 + 5*a**2 + a + 7. Let c be u(-5). Suppose 4*w = -t - t + 50, 4*t + 2*w - 100 = 0. Suppose c*d - t = -3. What are the prime factors of d?
11
Let v be -2 + (3/(-3) - -3). Suppose 78 = 3*j - v*j. List the prime factors of j.
2, 13
What are the prime factors of (682/18 - 2/9)*3?
113
Suppose d = -6*v + 3*v - 9, -d - 3 = 0. Let z = 2 + v. What are the prime factors of 1 + (11 - (-2 - z))?
2, 7
What are the prime factors of -2*(1580/(-8))/5?
79
Let b be 5/(-15) + (-26)/(-6). Suppose b*w = 17 - 5. Suppose -24 = -w*t - t. List the prime factors of t.
2, 3
Let i = -3 + 6. Suppose -5*n = c - i*c + 26, -23 = 5*n - c. What are the prime factors of (-51)/(-9) + n/6?
5
Let q(j) = j**3 - 5*j**2 + 4*j + 3. Let u be q(4). Suppose -u = c - 7. Suppose 2 = a - c. What are the prime factors of a?
2, 3
Let g(a) = -4*a**3 + 2*a + 2. What are the prime factors of g(-2)?
2, 3, 5
Let b be (1 + 0)*(-4)/(-2). List the prime factors of -3*5/(-3)*b.
2, 5
Let n = 33 + -5. What are the prime factors of n?
2, 7
Let h(k) = 3*k**2 + 4*k + 3. Suppose 5*p - 6 + 16 = 0. List the prime factors of h(p).
7
Let t be -3 + 1 + -1*32. Let k = -15 - t. What are the prime factors of k?
19
Let b(o) = o**3 - 8*o**2 - 2*o. List the prime factors of b(10).
2, 3, 5
What are the prime factors of (-3 + 1 + 108)/2?
53
Suppose -65 = -3*m - 4*q, 5*m - 2*m - 60 = -3*q. What are the prime factors of m?
3, 5
Suppose 3*h + 676 = 7*h. What are the prime factors of h?
13
Let q(k) = 7*k**2 - 2*k + 4. Let b(a) = -a**2 - a + 1. Let l(x) = 6*b(x) + q(x). What are the prime factors of l(8)?
2, 5
Let u(w) = -w**2 - 7*w + 10. Let a be u(-10). Let j = a + 30. What are the prime factors of j?
2, 5
Let q(y) = 5*y**3 - 1. Let b be q(-1). Let t(a) = -6*a - 5. Let g be t(-4). Let x = b + g. List the prime factors of x.
13
Let v(r) = -r**3 - 7*r**2 + 4*r + 4. Let p(i) = -3*i**3 - 22*i**2 + 13*i + 11. Let n(k) = 2*p(k) - 7*v(k). What are the prime factors of n(-5)?
2
What are the prime factors of ((-27)/12)/(3/(-16))?
2, 3
Let i(b) = b**3 - 14*b**2 + 65*b + 4. What are the prime factors of i(9)?
2, 23
Let h be (0/(-1) + -1)/(-1). Let d = -4 + h. List the prime factors of 10/1 + 0/d.
2, 5
What are the prime factors of 100/26 - 2/(-13)?
2
Suppose -2*b - 3*o = -6*o - 4, 2*b + 5*o = 4. Suppose 5*i = -b*d + i + 26, 0 = -4*d + 5*i - 13. What are the prime factors of d?
3
Suppose 5*z + l - 2*l = 25, -2*z + l + 13 = 0. Suppose -4*i + 39 = -0*y + 3*y, z*i = y + 19. List the prime factors of i.
2, 3
Let z(p) = 19*p**3. Let o be z(1). Suppose 3*w + o = 2*x, -2*x - w = -9 + 2. Suppose x*g - 6 - 34 = -3*i, 4*i = -g + 42. What are the prime factors of i?
2, 5
List the prime factors of 3/(75/(-110))*-55.
2, 11
Let o = 15 - 22. Let n = o - -16. What are the prime factors of n?
3
Let r be 2/(-5)*-5 + 218. Suppose i + 4*i - r = 5*g, -155 = -4*i - 3*g. What are the prime factors of i?
41
Let q = -48 - -183. What are the prime factors of q?
3, 5
Let f(j) = -6*j - 6. Let k be f(-4). List the prime factors of ((-36)/(-27))/(1/k).
2, 3
Suppose 4*s = m - 23, -m - m + 4*s = -50. List the prime factors of m.
3
Suppose 13*j - 2110 = 1946. What are the prime factors of j?
2, 3, 13
Let o = 55 - -13. List the prime factors of o.
2, 17
Let c = 488 + -227. What are the prime factors of c?
3, 29
Suppose 0 = 2*a + j - 6, 5*a - j = 2*a + 4. Let t be -3*a/(-6)*2. Suppose 13 = t*b - 9. List the prime factors of b.
11
Let s(c) = 2*c**2 + c + 7. Let t be s(3). List the prime factors of -7*18*(-8)/t.
2, 3
Let b(t) = t - 3. Let f be b(3). Suppose 2*n + 3*m - 7 = f, -2*n + 18 = n + 2*m. List the prime factors of n.
2
Suppose -6*q + 3*q = 9, 0 = a + q - 1. Suppose 4*k = a*n + 4, -7*k = -n - 2*k - 5. Suppose n = 2*z - 15 - 5. List the prime factors of z.
2, 5
Let h(f) = f - 9. Let w be h(-9). What are the prime factors of (-39)/(-12) + w/(-24)?
2
Let f = -3 - -7. Suppose f*h - 2 - 18 = 0. Suppose -9 = -h*r + 26. List the prime factors of r.
7
Let c = 30 + 24. Suppose 36 = 6*q - c. List the prime factors of q.
3, 5
Suppose 0 = r + 6*r - 1232. List the prime factors of r.
2, 11
List the prime factors of (4/(12/939))/(1/1).
313
Suppose 5*t = 15, -2*j = -5*t - 1 + 14. Suppose n + 3*s - 5 = 0, j + 18 = 3*n + 5*s. What are the prime factors of n?
2
Suppose -z + 12 + 49 = w, 5*z + w = 301. Suppose 2*i + 2*i - z = 0. List the prime factors of i.
3, 5
Let d = 11 - 8. Suppose 2*r + 2*r + 52 = d*z, 5*r - 59 = -4*z. What are the prime factors of z?
2
Let v(i) = -15*i**3 - 2*i**2 - i. Let o = 4 - 2. Let n be o - (6 + (-3 - 0)). List the prime factors of v(n).
2, 7
Let s(u) = -2*u**2 - 2*u + 2. Let v be s(-3). Let q be (-7)/((-7)/18) - 4. Let j = v + q. What are the prime factors of j?
2
Let w be 573/(-27) + (-2)/(-9). Let n be w*(12/9)/(-2). Let l = -7 + n. List the prime factors of l.
7
Suppose -2*j - 4 = -3*h, 4 + 3 = 3*h + j. Let d be (h/6)/(1/(-3)). Let b = d - -6. List the prime factors of b.
5
Let v be (4/10)/((-7)/35). Let s be (2 - -2)*(-5)/v. Suppose 2*u = 4*w + s, 0*w - w - 10 = -3*u. What are the prime factors of u?
3
Let w(f) be the second derivative of 11*f**3/6 + f**2/2 - f. Let o = -13 - -14. What are the prime factors of w(o)?
2, 3
List the prime factors of (22/(-6))/((-2)/6).
11
Let v = 10 - 13. List the prime factors of 3*(-22)/v + 2.
2, 3
Let h(c) be the second derivative of c**5/5 - c**4/6 - c**3/2 + 3*c**2/2 - c. List the prime factors of h(2).
3, 7
Suppose 0 = 2*t + 3*t - 45. List the prime factors of t.
3
Let f be ((-16)/(-12))/((-2)/9). Let c be (-2)/(-6) + (-22)/f. What are the prime factors of 2/c*3*6?
3
Suppose 3*c - 5 - 1 = 0. Suppose -13 = -c*f - 3*i, 5*f - i + 30 = 4*i. What are the prime factors of (8/(-1) - 3)*f?
11
Let z(w) = -8*w - 1. Let c be z(-1). Let b = 8 + -8. Suppose -d + c = -b*k - 4*k, 4*d - 3*k - 28 = 0. List the prime factors of d.
7
Let m(r) = -r**2 - 5*r + 5. Let f be m(-5). Suppose -4*u + 4*k = -36, 0 = -3*u - 2*u - 5*k - f. List the prime factors of u.
2
What are the prime factors of (22/(-4) + 0)/((-1)/28)?
2, 7, 11
Let y be 450/20*(-4)/(-6). Let v be y/18 - (-2)/12. Suppose -5*b + v = -44. What are the prime factors of b?
3
Let i(t) = -5*t - 5. Let m be i(-6). Let u = m + -13. List the prime factors of ((-4)/3)/((-2)/u).
2
Let d(h) = -h**3 - 5*h**2 - 3*h + 4. Let q be d(-4). Let w be (4 - 5)/(-1 - q). What are the prime factors of 3/w - (4 + -4)?
3
Let a(n) = -2*n - 12. What are the prime factors of a(-9)?
2, 3
Suppose 0 = 6*o - 4*o. Let w be (0 - o) + (2 - -1). Suppose -w*l + 6 = -3. What are the prime factors of l?
3
Let n(z) = z**3 + z**2 + z + 1. Let c be n(2). What are the prime factors of 5/(c/(-6))*-1?
2
Suppose -14 + 41 = -3*l. Let q = -5 - l. Suppose -q*r - 4*u + 38 = -2, -2*r - 3*u + 23 = 0. List the prime factors of r.
7
Let